*z = -30. Calculate the remainder when 58 is divided by (o + 28/5)*-35.
2
Let d(q) = 30*q**2 + q + 1. Suppose 1554 - 8916 - 32517 = -211*u. What is the remainder when u is divided by d(1)?
29
Let a(g) = g**2 - g + 16. Let f be a(7). Let d = f - 50. Suppose 3*q - d*q = -110. Calculate the remainder when 65 is divided by q.
21
Let v be ((-850)/15)/((-25)/30). Calculate the remainder when 2/1 + 2720/v is divided by 12.
6
Let o = 2748 - 2171. Calculate the remainder when 1209 is divided by o.
55
Let c(a) = -2*a + 41. Let v(y) = 13*y + 186. Let g be v(-13). Calculate the remainder when 57 is divided by c(g).
1
Let t(y) = -2*y**3 + 6*y**2 + y + 39. Let o be t(8). Let q = 604 + o. Let k = -27 - -68. What is the remainder when k is divided by q?
8
Suppose j + 2*y + 301 - 415 = 0, -3 = 3*y. What is the remainder when 224 is divided by j?
108
Let i = -834 - -843. What is the remainder when i is divided by (-16)/6*(-9)/6?
1
Let j = -53 - -57. Suppose -j*t - 5*z + 9 = 0, 7*t - 3*t - 30 = 2*z. Suppose t*i = 4*i + 20. What is the remainder when 39 is divided by i?
9
Let q = -9 + 27. Let o = q - 10. Let n(c) = 2*c + 19. What is the remainder when n(6) is divided by o?
7
Let s(w) = -86*w - 289. What is the remainder when 3242 is divided by s(-5)?
140
Suppose 6*s + 9*q - 12608 = 10*q, s - 2118 = -4*q. Calculate the remainder when s is divided by 696.
14
Let p = -551 - -171. Let a = p + 439. What is the remainder when 171 is divided by a?
53
Let b = 8848 + -8843. What is the remainder when 413 is divided by b?
3
Suppose -35*v - 157595 = -500*v - 27860. Calculate the remainder when v is divided by 27.
9
Let r(w) = 67*w - 3689. Calculate the remainder when r(70) is divided by 298.
107
Suppose 5*q - 79 = 56. Let m be 105/(-7)*-70*1. Suppose 50*w + m = 60*w. What is the remainder when w is divided by q?
24
Let p(l) = 15*l**2 - 89*l - 1. Let i be p(6). Suppose 0 = -3*y + i*v + 188, -3*v = -6*v + 6. Calculate the remainder when y is divided by 20.
6
Suppose -2*d = -3*x + 1062, 2*x - x - 5*d = 341. Suppose 272 = -4*s + x. What is the remainder when 59 is divided by s?
17
Suppose -6*n - 720 = -990. Calculate the remainder when (9 + -13)*(-79)/4 is divided by n.
34
Let y(r) = 72 + 6*r + 4*r + 21*r + 35*r. Let z be y(9). Suppose -8*o - z = -14*o. What is the remainder when o is divided by 8?
7
Suppose 2179 = 6*k + 649. Let c = k - 211. Calculate the remainder when c is divided by 5.
4
Let f(l) = l**2 - 2*l + 30. Let b(w) = -w**2 + 2*w + 2. Let j(n) = -6*b(n) - f(n). Calculate the remainder when j(-4) is divided by 9.
6
Suppose -10*s + 330 = 80. Suppose 6 = 3*k, -21*w + s*w - 66 = -k. What is the remainder when 54 is divided by w?
6
Let a = 29 - 22. Suppose -5*c = 2*c + a. What is the remainder when 158 is divided by (-10 + 18)/(c/(-5))?
38
Let m(i) = 2*i**2 + 14*i + 1. Let s be m(-7). Let q(o) = -s - 8 + 3 - 4 + 31*o. What is the remainder when q(4) is divided by 29?
27
Let m = 13 - 7. Calculate the remainder when (-7)/(-4)*40/(-140)*-30 is divided by m + (-5)/((-20)/12).
6
Let s(j) = 73*j**2 - 2*j - 18. Let l(u) = 149*u**2 - 3*u - 36. Let n(v) = -2*l(v) + 5*s(v). What is the remainder when n(3) is divided by 64?
61
Suppose 14*y - 542 - 774 = 0. Let x = -69 + y. Calculate the remainder when 147 is divided by x.
22
Suppose -27*m + 22*m - 30 = 0. Let f(y) = -10*y - 13. What is the remainder when f(m) is divided by 10?
7
Let d(f) = 89*f + 1374. What is the remainder when d(-11) is divided by 64?
11
Suppose 0 = d + 2*l - 15, -197 = 2*d - l - 222. Calculate the remainder when 306 is divided by d.
7
Let z = -2132 + 2230. Let w = 11 + 1. Suppose 3*u - w = 87. What is the remainder when z is divided by u?
32
Suppose 5*l + m - 46 = 0, m + 4 + 4 = l. Suppose 5*x - 16 = l. Suppose -112 = -z - x*j, z - 46 = 2*j + 31. Calculate the remainder when z is divided by 10.
7
Suppose -140*m = -134*m + 1050. Let j = -75 - m. Calculate the remainder when j is divided by 22.
12
Calculate the remainder when 708/(-1)*930/(-372) is divided by 565.
75
Suppose 284*h + 282*h - 587*h = -74613. What is the remainder when h is divided by 33?
22
Calculate the remainder when ((-411)/12 + 0/1)/((-233)/4660) is divided by 96.
13
Suppose -5*p - 5*p + 5*p = -5760. What is the remainder when p is divided by 77?
74
Suppose -202*s = -399637 - 1028503. What is the remainder when s is divided by 11?
8
Let j = 5244 + -5144. What is the remainder when 209 is divided by j?
9
Let v = -177 + -73. Let i = -235 - v. What is the remainder when 32 is divided by i?
2
What is the remainder when (1905/508)/(3/(-384)*-2) is divided by 62?
54
Suppose -2*r + 86 = -96*b + 100*b, -4*b - 3*r = -85. Calculate the remainder when 142 is divided by b.
10
Let a(c) = 21*c + 163. Let g be a(-7). Calculate the remainder when (392/g)/(((-3)/(-6))/1) is divided by 18.
13
Suppose 13 = 3*l - w, 0 + 9 = l + 2*w. Suppose l*x - 4*h = -2*h + 1142, 3*x - 710 = -5*h. What is the remainder when x is divided by 8?
6
Calculate the remainder when ((-18)/12)/(12/(-11944)) is divided by 745.
3
Suppose 4*s - 132 = -4*y, -400*s - 99 = -3*y - 399*s. What is the remainder when 280 is divided by y?
16
Suppose 4*g = 12, -648 = -23*h + 22*h - 4*g. Calculate the remainder when h is divided by 9.
6
Let m(q) = q - 14. Let f = 14 + 1. Let n be m(f). What is the remainder when 58 is divided by (-24)/(n + -4 + 1)?
10
Suppose 212 = h - 2*l + 182, l = 3*h - 60. Calculate the remainder when 296 is divided by h.
8
Suppose i + g + 42 = 0, -3*g = -2*i - 3*i - 210. Let c = i + 68. What is the remainder when 129 is divided by c?
25
Let o(i) = 84*i**3 + i**2 - i. Calculate the remainder when o(1) is divided by ((-648)/252)/(4 + 116/(-28)).
12
Let s(u) = u**2 + 6*u + 3. Let q(j) = -j**3 - 6*j**2 + 5*j - 2. Let z be q(-7). Suppose -10*r = -8*r + z. Calculate the remainder when 13 is divided by s(r).
1
Suppose 2*l - 4*r = 1384, 137*r - 140*r + 2103 = 3*l. Calculate the remainder when l is divided by 102.
86
Suppose -21*k + 4*y + 2122 = -19*k, 5*k - y - 5341 = 0. Calculate the remainder when k is divided by 83.
73
Suppose -3*u + 22*g - 21*g = -12, -u = 4*g - 17. Let b(y) = 2*y**2 + 9*y - 23. What is the remainder when b(u) is divided by 32?
8
Let c = -119 + -447. Let y = 702 + c. Calculate the remainder when y is divided by 47.
42
Suppose -2*b = 3*s - 325, 3*b - 445 = -0*b + 4*s. Let d = 223 - b. Calculate the remainder when 48 is divided by ((-5)/(-4) + -1)*d.
14
Let h = -372 + 556. Suppose -14*m = -16*m + h. Calculate the remainder when m is divided by 4.
0
Suppose -263 = -5*p + 72. Suppose -4*n = -3*x + 54, 5*x + n - p = -0*n. Let a = 4 - 1. Calculate the remainder when x is divided by a.
2
Let x = -1033 + 1172. Suppose x = -30*r + 1369. Suppose -4*d = 3*a + d - 91, -3*a - 3*d + 81 = 0. Calculate the remainder when r is divided by a.
19
Suppose 667*w - 5*c = 672*w - 85, 5*w = 4*c + 238. Let l = -122 - -207. What is the remainder when l is divided by w?
17
Suppose 304*t + 22576 + 18200 = 328*t. Calculate the remainder when t is divided by 39.
22
Suppose 0 = -4*b - 4*f + 52, 3*f - f = b - 22. Suppose -40 + 85 = 9*g. What is the remainder when b is divided by g?
1
Let o = -3 - -10. Suppose i + 2*i = -24. Let a(w) = -w**2 - 11*w - 22. Calculate the remainder when o is divided by a(i).
1
Suppose -3*l = -9, 22*l - 26*l = -i + 407. Calculate the remainder when i is divided by 17.
11
Let b be ((-6)/(-9))/((-5)/375). Let l = b - -60. Calculate the remainder when 49 is divided by l.
9
Let i(x) = 2*x**3 - 17*x**2 - 8*x + 8. Let v be 12*(3/(-12) + 1). Let s(g) = g**2 + 5*g + 3. What is the remainder when s(-8) is divided by i(v)?
10
Let p = -3344 + 3670. Calculate the remainder when p is divided by 37.
30
Let y be (-2)/3 + (-170)/(-30). Calculate the remainder when (16/6)/(y/225) is divided by (38/(-8) + -3)*-4.
27
Suppose 4*q = -4, 3*h + 3*q - 16 - 11 = 0. Suppose 3*v + 4*k = 413, 2*v - h*k - 270 = -14*k. What is the remainder when v is divided by 38?
29
Suppose 0 = 21*b + 1521 + 3897. Let w = b + 265. Suppose 60 = v + 2*v. What is the remainder when v is divided by w?
6
Let l = 135 - 45. Let x = -8 + 3. Let a(i) = i + 28. What is the remainder when l is divided by a(x)?
21
Let s(n) = -6*n**3 - 21*n**2 - 38*n - 5. Let f(j) = j**3 + j**2 + 2*j. Let d(h) = -5*f(h) - s(h). What is the r